{"id":34,"date":"2016-02-29T10:28:55","date_gmt":"2016-02-29T09:28:55","guid":{"rendered":"http:\/\/perluette.xyz\/?page_id=34"},"modified":"2017-06-13T09:53:46","modified_gmt":"2017-06-13T08:53:46","slug":"projets-thematiques","status":"publish","type":"page","link":"https:\/\/perluette.xyz\/index.php\/projets-thematiques\/","title":{"rendered":"Projets &#038; th\u00e9matiques"},"content":{"rendered":"<p>Exemples de th\u00e9matiques abord\u00e9es en 2016, toujours en lien avec les livres jeunesse : la for\u00eat, les jardins, la technique pop-up.<\/p>\n<p>En 2017, il est question d&rsquo;architecture &amp; de ville, d&rsquo;abris (cabanes d&rsquo;oiseaux &amp; migrations), &#8230;<\/p>\n","protected":false},"excerpt":{"rendered":"<p>Exemples de th\u00e9matiques abord\u00e9es en 2016, toujours en lien avec les livres jeunesse : la for\u00eat, les jardins, la technique pop-up. En 2017, il est question d&rsquo;architecture &amp; de ville, d&rsquo;abris (cabanes d&rsquo;oiseaux &amp; migrations), &#8230;<\/p>\n","protected":false},"author":1,"featured_media":0,"parent":0,"menu_order":2,"comment_status":"closed","ping_status":"closed","template":"","meta":{"footnotes":""},"class_list":["post-34","page","type-page","status-publish","hentry"],"_links":{"self":[{"href":"https:\/\/perluette.xyz\/index.php\/wp-json\/wp\/v2\/pages\/34","targetHints":{"allow":["GET"]}}],"collection":[{"href":"https:\/\/perluette.xyz\/index.php\/wp-json\/wp\/v2\/pages"}],"about":[{"href":"https:\/\/perluette.xyz\/index.php\/wp-json\/wp\/v2\/types\/page"}],"author":[{"embeddable":true,"href":"https:\/\/perluette.xyz\/index.php\/wp-json\/wp\/v2\/users\/1"}],"replies":[{"embeddable":true,"href":"https:\/\/perluette.xyz\/index.php\/wp-json\/wp\/v2\/comments?post=34"}],"version-history":[{"count":4,"href":"https:\/\/perluette.xyz\/index.php\/wp-json\/wp\/v2\/pages\/34\/revisions"}],"predecessor-version":[{"id":423,"href":"https:\/\/perluette.xyz\/index.php\/wp-json\/wp\/v2\/pages\/34\/revisions\/423"}],"wp:attachment":[{"href":"https:\/\/perluette.xyz\/index.php\/wp-json\/wp\/v2\/media?parent=34"}],"curies":[{"name":"wp","href":"https:\/\/api.w.org\/{rel}","templated":true}]}}