{"id":42,"date":"2016-02-29T10:37:18","date_gmt":"2016-02-29T09:37:18","guid":{"rendered":"http:\/\/perluette.xyz\/?page_id=42"},"modified":"2018-01-22T12:56:51","modified_gmt":"2018-01-22T11:56:51","slug":"association-perluette","status":"publish","type":"page","link":"https:\/\/perluette.xyz\/index.php\/perluette-les-livres-jeunesse\/association-perluette\/","title":{"rendered":"Association Perluette"},"content":{"rendered":"<figure id=\"attachment_122\" aria-describedby=\"caption-attachment-122\" style=\"width: 300px\" class=\"wp-caption alignright\"><img loading=\"lazy\" decoding=\"async\" class=\"wp-image-122 size-medium\" src=\"https:\/\/perluette.xyz\/wp-content\/uploads\/2016\/02\/vrac_livres-300x225.jpg\" alt=\"\u00a9 Perluette\" width=\"300\" height=\"225\" srcset=\"https:\/\/perluette.xyz\/wp-content\/uploads\/2016\/02\/vrac_livres-300x225.jpg 300w, https:\/\/perluette.xyz\/wp-content\/uploads\/2016\/02\/vrac_livres-144x108.jpg 144w, https:\/\/perluette.xyz\/wp-content\/uploads\/2016\/02\/vrac_livres.jpg 700w\" sizes=\"auto, (max-width: 300px) 100vw, 300px\" \/><figcaption id=\"caption-attachment-122\" class=\"wp-caption-text\">\u00a9 Perluette<\/figcaption><\/figure>\n<h3 style=\"text-align: justify;\"><strong><span style=\"font-family: Calibri; color: #ff6600;\">Perluette<\/span><\/strong><span style=\"font-family: Calibri;\">* imagine, d\u00e9veloppe &amp; coordonne des projets autour de la litt\u00e9rature pour la jeunesse, \u00e0 partir d\u2019une approche ludique &amp; d\u2019un th\u00e8me donn\u00e9 ou du travail singulier d\u2019auteurs\/illustrateurs.<\/span><\/h3>\n<p style=\"text-align: justify;\"><span style=\"font-family: Calibri;\">Depuis 2016, l\u2019association lilloise invente un espace de rencontres en cr\u00e9ant des liens avec d\u2019autres acteurs oeuvrant dans le livre jeunesse &amp; nombreuses disciplines artistiques.<\/span><\/p>\n<p style=\"text-align: justify;\"><em><span style=\"font-family: Calibri;\">* <span style=\"color: #ff6600;\">&amp;<\/span> comme symbole de travail en collaboration avec des projets d\u00e9j\u00e0 existants, comme articulation entre les livres jeunesse et des th\u00e9matiques ou auteurs choisis.<\/span><\/em><\/p>\n","protected":false},"excerpt":{"rendered":"<p>Perluette* imagine, d\u00e9veloppe &amp; coordonne des projets autour de la litt\u00e9rature pour la jeunesse, \u00e0 partir d\u2019une approche ludique &amp; d\u2019un th\u00e8me donn\u00e9 ou du travail singulier d\u2019auteurs\/illustrateurs. Depuis 2016, l\u2019association lilloise invente un espace de rencontres en cr\u00e9ant des liens avec d\u2019autres acteurs oeuvrant dans le livre jeunesse &amp; nombreuses disciplines artistiques. * &amp; &hellip; <a href=\"https:\/\/perluette.xyz\/index.php\/perluette-les-livres-jeunesse\/association-perluette\/\" class=\"more-link\">Continue reading <span class=\"screen-reader-text\">Association Perluette<\/span><\/a><\/p>\n","protected":false},"author":1,"featured_media":0,"parent":6,"menu_order":0,"comment_status":"closed","ping_status":"closed","template":"","meta":{"footnotes":""},"class_list":["post-42","page","type-page","status-publish","hentry"],"_links":{"self":[{"href":"https:\/\/perluette.xyz\/index.php\/wp-json\/wp\/v2\/pages\/42","targetHints":{"allow":["GET"]}}],"collection":[{"href":"https:\/\/perluette.xyz\/index.php\/wp-json\/wp\/v2\/pages"}],"about":[{"href":"https:\/\/perluette.xyz\/index.php\/wp-json\/wp\/v2\/types\/page"}],"author":[{"embeddable":true,"href":"https:\/\/perluette.xyz\/index.php\/wp-json\/wp\/v2\/users\/1"}],"replies":[{"embeddable":true,"href":"https:\/\/perluette.xyz\/index.php\/wp-json\/wp\/v2\/comments?post=42"}],"version-history":[{"count":6,"href":"https:\/\/perluette.xyz\/index.php\/wp-json\/wp\/v2\/pages\/42\/revisions"}],"predecessor-version":[{"id":611,"href":"https:\/\/perluette.xyz\/index.php\/wp-json\/wp\/v2\/pages\/42\/revisions\/611"}],"up":[{"embeddable":true,"href":"https:\/\/perluette.xyz\/index.php\/wp-json\/wp\/v2\/pages\/6"}],"wp:attachment":[{"href":"https:\/\/perluette.xyz\/index.php\/wp-json\/wp\/v2\/media?parent=42"}],"curies":[{"name":"wp","href":"https:\/\/api.w.org\/{rel}","templated":true}]}}

<figure id="attachment_122" aria-describedby="caption-attachment-122" style="width: 300px" class="wp-caption alignright"><img loading="lazy" decoding="async" class="wp-image-122 size-medium" src="https://perluette.xyz/wp-content/uploads/2016/02/vrac_livres-300x225.jpg" alt="© Perluette" width="300" height="225" srcset="https://perluette.xyz/wp-content/uploads/2016/02/vrac_livres-300x225.jpg 300w, https://perluette.xyz/wp-content/uploads/2016/02/vrac_livres-144x108.jpg 144w, https://perluette.xyz/wp-content/uploads/2016/02/vrac_livres.jpg 700w" sizes="auto, (max-width: 300px) 100vw, 300px" /><figcaption id="caption-attachment-122" class="wp-caption-text">© Perluette</figcaption></figure>
<h3 style="text-align: justify;"><strong><span style="font-family: Calibri; color: #ff6600;">Perluette</span></strong><span style="font-family: Calibri;">* imagine, développe &amp; coordonne des projets autour de la littérature pour la jeunesse, à partir d’une approche ludique &amp; d’un thème donné ou du travail singulier d’auteurs/illustrateurs.</span></h3>
<p style="text-align: justify;"><span style="font-family: Calibri;">Depuis 2016, l’association lilloise invente un espace de rencontres en créant des liens avec d’autres acteurs oeuvrant dans le livre jeunesse &amp; nombreuses disciplines artistiques.</span></p>
<p style="text-align: justify;"><em><span style="font-family: Calibri;">* <span style="color: #ff6600;">&amp;</span> comme symbole de travail en collaboration avec des projets déjà existants, comme articulation entre les livres jeunesse et des thématiques ou auteurs choisis.</span></em></p>

<p>Perluette* imagine, développe &amp; coordonne des projets autour de la littérature pour la jeunesse, à partir d’une approche ludique &amp; d’un thème donné ou du travail singulier d’auteurs/illustrateurs. Depuis 2016, l’association lilloise invente un espace de rencontres en créant des liens avec d’autres acteurs oeuvrant dans le livre jeunesse &amp; nombreuses disciplines artistiques. * &amp; &hellip; <a href="https://perluette.xyz/index.php/perluette-les-livres-jeunesse/association-perluette/" class="more-link">Continue reading <span class="screen-reader-text">Association Perluette</span></a></p>
