{"id":6,"date":"2016-02-29T09:26:25","date_gmt":"2016-02-29T08:26:25","guid":{"rendered":"http:\/\/perluette.xyz\/?page_id=6"},"modified":"2016-02-29T16:20:15","modified_gmt":"2016-02-29T15:20:15","slug":"perluette-les-livres-jeunesse","status":"publish","type":"page","link":"https:\/\/perluette.xyz\/index.php\/perluette-les-livres-jeunesse\/","title":{"rendered":"Perluette &#038; les livres jeunesse"},"content":{"rendered":"<p>Perluette, (Nom f\u00e9minin), Nom donn\u00e9 autrefois, dans les \u00e9coles \u00e9l\u00e9mentaires, au caract\u00e8re &amp;, qui terminait l\u2019alphabet et repr\u00e9sentait le mot et. [\u2026] Au lieu de perlu\u00e8te, on disait quelquefois perlou\u00e8te ou esperlu\u00e8te.<\/p>\n<p style=\"text-align: right;\">Nouveau Larousse illustr\u00e9 en 7 volumes (1904), Claude Aug\u00e9.<\/p>\n<p>L\u2019esperluette ou esperlu\u00e8te (nom f\u00e9minin), \u00e9galement appel\u00e9e perluette, perlu\u00e8te ou \u00ab\u00a0et\u00a0\u00bb commercial, d\u00e9signe le logogramme &amp;. Elle r\u00e9sulte de la ligature des lettres de la conjonction de coordination \u00ab\u00a0et\u00a0\u00bb et poss\u00e8de la m\u00eame signification.<\/p>\n<p>&nbsp;<\/p>\n<p><strong>Perluette, (Association loi 1901), cr\u00e9\u00e9e en 2016 afin de cr\u00e9er, produire, diffuser, coordonner des projets en lien avec les livres pour la jeunesse et toute action ayant \u00e0 voir avec la litt\u00e9rature de jeunesse dans son sens le plus large (ressources, r\u00e9flexion, sensibilisation et formation).<\/strong><\/p>\n<p style=\"text-align: center;\"><strong>&amp; comme symbole de travail en synergie et partenariat avec d\u2019autres projets,<\/strong><\/p>\n<p style=\"text-align: center;\"><strong>&amp; comme articulation entre les livres jeunesse et des th\u00e9matiques choisies.<\/strong><\/p>\n","protected":false},"excerpt":{"rendered":"<p>Perluette, (Nom f\u00e9minin), Nom donn\u00e9 autrefois, dans les \u00e9coles \u00e9l\u00e9mentaires, au caract\u00e8re &amp;, qui terminait l\u2019alphabet et repr\u00e9sentait le mot et. [\u2026] Au lieu de perlu\u00e8te, on disait quelquefois perlou\u00e8te ou esperlu\u00e8te. Nouveau Larousse illustr\u00e9 en 7 volumes (1904), Claude Aug\u00e9. L\u2019esperluette ou esperlu\u00e8te (nom f\u00e9minin), \u00e9galement appel\u00e9e perluette, perlu\u00e8te ou \u00ab\u00a0et\u00a0\u00bb commercial, d\u00e9signe le &hellip; <a href=\"https:\/\/perluette.xyz\/index.php\/perluette-les-livres-jeunesse\/\" class=\"more-link\">Continue reading <span class=\"screen-reader-text\">Perluette &#038; les livres jeunesse<\/span><\/a><\/p>\n","protected":false},"author":1,"featured_media":0,"parent":0,"menu_order":1,"comment_status":"closed","ping_status":"closed","template":"","meta":{"footnotes":""},"class_list":["post-6","page","type-page","status-publish","hentry"],"_links":{"self":[{"href":"https:\/\/perluette.xyz\/index.php\/wp-json\/wp\/v2\/pages\/6","targetHints":{"allow":["GET"]}}],"collection":[{"href":"https:\/\/perluette.xyz\/index.php\/wp-json\/wp\/v2\/pages"}],"about":[{"href":"https:\/\/perluette.xyz\/index.php\/wp-json\/wp\/v2\/types\/page"}],"author":[{"embeddable":true,"href":"https:\/\/perluette.xyz\/index.php\/wp-json\/wp\/v2\/users\/1"}],"replies":[{"embeddable":true,"href":"https:\/\/perluette.xyz\/index.php\/wp-json\/wp\/v2\/comments?post=6"}],"version-history":[{"count":3,"href":"https:\/\/perluette.xyz\/index.php\/wp-json\/wp\/v2\/pages\/6\/revisions"}],"predecessor-version":[{"id":127,"href":"https:\/\/perluette.xyz\/index.php\/wp-json\/wp\/v2\/pages\/6\/revisions\/127"}],"wp:attachment":[{"href":"https:\/\/perluette.xyz\/index.php\/wp-json\/wp\/v2\/media?parent=6"}],"curies":[{"name":"wp","href":"https:\/\/api.w.org\/{rel}","templated":true}]}}